ctor of 53104543?
False
Is 63536670 a multiple of 15?
True
Is 73 a factor of 574309690?
False
Is 743 a factor of 458891660?
True
Does 182 divide 43077190?
False
Is 95 a factor of 1451996934?
False
Is 1112 a factor of 1000568983?
False
Does 50 divide 76715700?
True
Is 568595476 a multiple of 3197?
False
Does 1351 divide 15775334?
False
Does 391 divide 82954951?
True
Is 163 a factor of 396813204?
False
Is 21 a factor of 908596458?
True
Is 37 a factor of 869792115?
True
Does 120 divide 39154560?
True
Is 11510375 a multiple of 7?
False
Is 11 a factor of 3326994?
True
Is 1129590928 a multiple of 9377?
True
Is 284 a factor of 13998360?
True
Is 22 a factor of 95488778?
True
Is 2 a factor of 34317079?
False
Is 47502064 a multiple of 877?
False
Is 583 a factor of 26603139?
False
Is 2 a factor of 128670828?
True
Does 81 divide 17186094?
True
Does 412 divide 143588208?
False
Is 24 a factor of 49248328?
False
Does 460 divide 75007239?
False
Is 1224 a factor of 832312656?
True
Is 230784 a multiple of 48?
True
Is 316 a factor of 1435235028?
True
Is 44 a factor of 5266184?
True
Is 2086928050 a multiple of 3023?
True
Is 55 a factor of 51497445?
False
Is 64306026 a multiple of 4626?
True
Is 73937676 a multiple of 8?
False
Is 75404132 a multiple of 18?
False
Is 11 a factor of 930389495?
False
Is 2730207848 a multiple of 3440?
False
Is 19938549 a multiple of 797?
True
Does 20 divide 986545667?
False
Does 2684 divide 190491532?
True
Does 12 divide 7993995?
False
Does 335 divide 305399735?
True
Is 58 a factor of 1384112?
True
Is 116584612 a multiple of 19?
False
Is 17 a factor of 717599648?
True
Is 156 a factor of 4974094?
False
Is 4584555706 a multiple of 1419?
False
Does 20 divide 97055740?
True
Is 2177697078 a multiple of 225?
False
Does 244 divide 68986842?
False
Does 26 divide 39964834?
True
Is 19958797 a multiple of 26?
False
Is 225 a factor of 51601836?
False
Does 2456 divide 556664155?
False
Is 8628495 a multiple of 141?
True
Is 642118250 a multiple of 318?
False
Is 16996419 a multiple of 5?
False
Is 209114149 a multiple of 84?
False
Does 2931 divide 316632999?
True
Does 18 divide 366166217?
False
Does 5578 divide 320170745?
False
Is 2054788660 a multiple of 244?
True
Does 8 divide 378620952?
True
Does 2 divide 13570500?
True
Is 22902644 a multiple of 24?
False
Does 8 divide 1789564720?
True
Is 2160 a factor of 300573389?
False
Is 2913231598 a multiple of 18651?
False
Does 1259 divide 871036632?
True
Does 191 divide 11258040?
False
Is 75 a factor of 32940300?
True
Is 31761072 a multiple of 14?
True
Does 300 divide 11087847?
False
Is 6 a factor of 910847778?
True
Is 21715356 a multiple of 39?
True
Is 58131227 a multiple of 4171?
True
Is 1076908125 a multiple of 19?
True
Is 899114318 a multiple of 869?
False
Is 368003764 a multiple of 175?
False
Is 4132 a factor of 1273751700?
False
Is 265 a factor of 100733091?
False
Does 4 divide 9116312?
True
Is 2197 a factor of 1637900122?
False
Is 6854265 a multiple of 45?
True
Is 141237062 a multiple of 359?
True
Is 104323492 a multiple of 1547?
True
Does 12 divide 104369980?
False
Is 37 a factor of 13962505?
True
Is 40639107 a multiple of 259?
False
Is 23 a factor of 1424266642?
False
Does 222 divide 32250162?
True
Does 17 divide 212157715?
False
Does 9 divide 29841633?
True
Is 3620887 a multiple of 19?
True
Is 324762024 a multiple of 74?
True
Is 9 a factor of 40582471?
False
Is 103130262 a multiple of 13?
False
Does 215 divide 357980543?
False
Does 33 divide 2208257512?
False
Is 18348829 a multiple of 20?
False
Does 3279 divide 44227152?
True
Does 17 divide 873600073?
False
Does 1294 divide 179599861?
False
Is 145 a factor of 13998298?
False
Is 77 a factor of 306273198?
True
Is 307869819 a multiple of 556?
False
Does 14 divide 51078692?
True
Does 21 divide 844397505?
True
Is 25147444 a multiple of 1379?
True
Does 15 divide 2270773245?
True
Is 49 a factor of 11799102?
True
Does 1851 divide 390964518?
True
Is 242790929 a multiple of 40?
False
Is 1160300164 a multiple of 1681?
True
Does 129 divide 10397013?
True
Is 22 a factor of 806803382?
True
Is 63 a factor of 55406169?
True
Is 2 a factor of 1848382?
True
Is 3562 a factor of 51406179?
False
Does 147 divide 29860257?
True
Does 390 divide 1249724989?
False
Is 7582743 a multiple of 63?
True
Is 139 a factor of 212521826?
True
Is 30 a factor of 92123160?
True
Is 21 a factor of 1731291511?
False
Is 34 a factor of 23959460?
True
Is 3347361810 a multiple of 10335?
True
Is 832902155 a multiple of 1017?
False
Is 1107174604 a multiple of 426?
False
Is 289970070 a multiple of 130?
True
Is 13443221 a multiple of 40?
False
Is 13 a factor of 1783426492?
False
Is 28817124 a multiple of 8?
False
Is 81 a factor of 2633330412?
True
Does 2510 divide 56666123?
False
Is 6 a factor of 37513728?
True
Is 20 a factor of 192874740?
True
Is 3 a factor of 48502836?
True
Is 24817585 a multiple of 1060?
False
Is 1838780630 a multiple of 10?
True
Does 1282 divide 306899587?
False
Does 97 divide 20995798?
False
Is 37 a factor of 32198432?
False
Does 132 divide 31818600?
True
Is 9 a factor of 305070822?
True
Is 2363561478 a multiple of 17?
False
Is 95763948 a multiple of 42?
True
Does 716 divide 98411336?
True
Does 90 divide 1433430?
True
Is 26489643 a multiple of 59?
True
Is 9450813 a multiple of 20?
False
Does 166 divide 12693227?
False
Does 12 divide 6211140?
True
Does 6086 divide 2038548302?
True
Does 53 divide 22979528?
True
Is 29958698 a multiple of 14?
True
Does 457 divide 25746779?
False
Is 963121735 a multiple of 7773?
False
Is 498 a factor of 51535530?
True
Is 8390906 a multiple of 42?
False
Does 21 divide 486364599?
True
Is 2188 a factor of 999294839?
False
Is 18737230 a multiple of 3456?
False
Is 6 a factor of 13233660?
True
Is 40 a factor of 180455959?
False
Is 14 a factor of 4058758829?
False
Is 33874990 a multiple of 24?
False
Is 9 a factor of 14949935?
False
Is 7976 a factor of 1637561353?
False
Is 4136 a factor of 1958710336?
True
Is 4466597 a multiple of 5?
False
Is 954 a factor of 8723376?
True
Is 436744320 a multiple of 160?
True
Is 14 a factor of 19747154?
True
Is 103 a factor of 68162722?
True
Does 23 divide 90407152?
False
Is 48065253 a multiple of 179?
False
Is 1382581 a multiple of 809?
True
Is 234 a factor of 1805325?
False
Does 262 divide 18630588?
False
Does 350 divide 56677611?
False
Does 607 divide 68312387?
True
Does 13 divide 995688660?
False
Is 421 a factor of 880748964?
False
Does 509 divide 171804297?
True
Does 99 divide 20639322?
True
Is 839 a factor of 11806408?
True
Is 1597 a factor of 223367246?
False
Is 89490148 a multiple of 14?
False
Is 64009842 a multiple of 13?
True
Is 17 a factor of 50783550?
False
Is 125 a factor of 1876966500?
True
Is 196 a factor of 5380788?
True
Does 41 divide 1049272779?
True
Does 314 divide 271534640?
True
Does 94 divide 56623250?
True
Does 156 divide 107154684?
True
Does 13 divide 27608674?
False
Is 11 a factor of 49536741?
False
Is 16 a factor of 59410510?
False
Does 4 divide 208165684?
True
Is 65 a factor of 1960130640?
True
Does 35 divide 15657810?
True
Does 246 divide 159150192?
True
Is 7432128 a multiple of 759?
True
Does 2663 divide 204627583?
True
Is 4491126 a multiple of 9?
True
Is 230 a factor of 21933720?
True
Does 712 divide 181015320?
True
Is 95 a factor of 525557956?
False
Is 301 a factor of 46720524?
False
Is 286008492 a multiple of 21?
True
Is 122 a factor of 4925824?
False
Is 211348352 a multiple of 122?
False
Does 8779 divide 101802660?
False
Is 4 a factor of 116300300?
True
Does 209 divide 28250530?
True
Does 290 divide 47878203?
False
Is 153 a factor of 60963309?
True
Is 299 a factor of 23582429?
True
Does 2274 divide 197285418?
True
Does 7 divide 2743151?
False
Does 121 divide 40034487?
False
Is 40 a factor of 29042800?
True
Is 45 a factor of 1020973?
False
Is 1289 a factor of 250325089?
True
Does 736 divide 23776480?
True
Is 2665 a factor of 32259825?
True
Does 6 divide 20868779?
False
Is 125 a factor of 1131969822?
False
Is 500308181 a multiple of 17?
True
Is 640415 a multiple of 6?
False
Does 194 divide 2417240?
True
Does 578 divide 20869431?
False
Does 19 divide 87027752?
True
Is 4001136 a multiple of 16?
True
Is 6214740 a multiple of 35?
True
Is 4809 a factor of 12666330?
False
Does 2557 divide 69473690